uppose -4 = -3*i - 2*q + 7*q, -4*i = -q + 23. Let a be n(i). What is b(a)?
-7
Suppose 7*c + 4*c = 0. Suppose 2*a + 3*h - h + 10 = 0, c = 2*h + 6. Let l(m) = m + 1. Give l(a).
-1
Let h = -3 + -1. Let j(i) be the first derivative of -5*i + 4/3*i**3 + 1/4*i**4 - 20 - 1/2*i**2. Determine j(h).
-1
Let z(w) = -3*w**2 - 13*w - 2. Let t be z(-4). Let v(k) = -2*k**2 - 9*k + 21*k + t*k**3 + 2 - 12*k. Give v(2).
10
Suppose -3*h - j - 16 = -45, -2*j = 8. Let s(n) be the third derivative of n**4/24 - 4*n**3/3 - 545*n**2. Calculate s(h).
3
Let x = 3 + 0. Suppose 0*b - 15 = x*b. Let o(y) = y**2 - 2*y - 6. Let q(a) = -a**2 + 3*a + 6. Let l(h) = -6*o(h) - 5*q(h). Calculate l(b).
-4
Suppose 0 = 5*d - 0*i - 2*i - 83, 0 = -d + 2*i + 23. Let s be 1 + (-2)/((-6)/d). Let q(v) = -v**2 + 8*v - 3. Determine q(s).
9
Let f(k) be the second derivative of 1/12*k**4 + 0 - k**2 + 2/3*k**3 + 4*k. Suppose -2*g = -5*g - 12. Give f(g).
-2
Let z(l) = l - 1. Let j(v) = 2*v - 1. Let x(o) = -2*j(o) + 6*z(o). Suppose -4*r + 3*y + 11 = -16, 0 = -3*r - 3*y + 36. Let w = r + -6. What is x(w)?
2
Let y(u) be the first derivative of -1/3*u**3 - 12 - 3*u**2 + 3*u. Determine y(-6).
3
Let r(k) = k**2 + 1. Let v = -293 + 290. Calculate r(v).
10
Let n(b) = -4*b + 9. Let d be n(6). Let g = 30 + d. Let y be (5 - 1)*g/(-10). Let z(s) = -s**2 - 8*s - 4. Give z(y).
8
Let n(b) be the second derivative of 1/12*b**4 + 0 - 16*b - 1/3*b**3 - 5/2*b**2. Give n(6).
19
Let c(p) = 19*p**2 - 39*p + 1. Let b(d) = -12*d**2 + 26*d - 1. Let k(f) = 8*b(f) + 5*c(f). Determine k(5).
37
Let s(x) = -2*x - 17. Let i(m) = -10*m - 76. Let k(u) = 2*i(u) - 9*s(u). Let w be (2/5)/((-3)/(-15)). What is k(w)?
-3
Let v(q) = -8 - 11 - q**2 - 7*q + 27. Let j(w) = w**3 + 5*w**2 - 5*w + 8. Let c be j(-6). Suppose 4*m = 3*f - 21, m + 8 = -0*m - c*f. Give v(m).
14
Suppose y - 3*y = -20. Suppose 3*d + 2*d - y = 0. Let p(o) = 19 + 16 - 4*o - 32. Determine p(d).
-5
Let l(x) = 2*x**3 - 2*x**2 - 2*x - 5. Let b be l(2). Let w(m) = 10*m**2 + 2*m + 7. Let c(g) = 1. Let t(v) = 6*c(v) - w(v). Determine t(b).
-9
Suppose 6*n = -2 + 14. Let k(m) = 6*m - 6. Let x be k(n). Let d(v) = 2*v - 5. What is d(x)?
7
Let q(z) = 3*z**3 - 14*z**2 + 6*z - 3. Let x(p) = -7*p**3 + 32*p**2 - 12*p + 5. Let c(s) = -5*q(s) - 2*x(s). What is c(5)?
0
Let t(u) be the second derivative of -u**5/20 + 5*u**4/12 - u**3/6 + u**2 + 2*u + 23. Let g = -5 + 9. Suppose h + 5*a + 2 = 12, -5*h - g*a + 29 = 0. Give t(h).
-3
Suppose -2*l + 10 = -3*t, -5*t - l = 33 + 1. Let f be 4*(0 - t/(-8)). Let j(i) = 14*i + 3. Let m(b) = -114*b - 24. Let c(x) = 33*j(x) + 4*m(x). Give c(f).
-15
Let s(o) = -21*o**2 + 28*o + 9. Let p(w) = -4*w**2 + 5*w + 2. Let l(z) = 11*p(z) - 2*s(z). Calculate l(3).
-17
Let g(i) = -6 - 109*i - 105*i - 21 + 209*i. Give g(-5).
-2
Let y = -6 - 0. Let v(l) = -5*l**2 + 5*l - 8. Let x(f) = -9*f**2 + 10*f - 15. Let i(d) = 11*v(d) - 6*x(d). What is i(y)?
-4
Let b(y) = y**3 + 7*y**2 + 7*y - 4. Suppose -4*s = -3*n + 213, -n + 0*n + 71 = 3*s. Suppose n = -14*j - 13. Give b(j).
-10
Let q(i) = -i - 2. Let o(c) = -c**3 + 6*c**2 - 3*c - 5. Let k be o(5). Suppose -3*n + 10 = -k. Suppose 10 = -n*d - 0*d. Give q(d).
0
Let u(n) be the first derivative of -n**4/2 - n**3 + n**2/2 + 2*n - 3. Suppose v - 46 = -g - 41, 14 = 4*v + 2*g. Determine u(v).
-24
Let k(u) be the third derivative of 0*u + 1/3*u**3 + 0 - 3*u**2 + 1/8*u**4. Let q = 19 + -22. Calculate k(q).
-7
Let v(j) = -j + 10. Let a be v(6). Let m(s) = -s**2 - 4*s + 6. Let p be m(-5). Let n(u) = -9*u**2 + 3*u + 16*u**2 - 8*u**2 - p. Determine n(a).
-5
Let z(v) be the third derivative of 1/24*v**4 + 41*v**2 + 0*v + 0 - 5/6*v**3. What is z(0)?
-5
Let p(n) = n**2 - 3*n. Let u be (-1)/(1 + (0 - 2)). Let h be 3 + -3 + 3 - u. Give p(h).
-2
Let i(p) = 5*p**3 - p**2 - 11. Let l(g) = -g**3. Let w(k) = -i(k) - 6*l(k). Suppose 0 = 4*m + 4*c - 7*c - 3, -2 = -m + 2*c. Determine w(m).
11
Let b = 85 - 77. Let w(q) = q**2 - 10*q - 10. Calculate w(b).
-26
Suppose 0 = m + 3 - 7. Suppose m*q = -5*b - 49, 2*b = -3*q - 2*b - 38. Let w(h) = h**2 + 6*h - 1. What is w(q)?
-1
Let o(c) be the third derivative of -2/3*c**3 - 1/60*c**5 + 20*c**2 + 1/6*c**4 + 0*c + 0. What is o(5)?
-9
Let j(m) = m**2 - 4*m - 8. Let f be j(6). Suppose -5*y = 14 - f. Let n(r) = -3*r + 2 - 5*r + 9*r + 2*r**2. Determine n(y).
8
Suppose -b + 5*a + 20 = -7, -7 = 4*b + 3*a. Let z(s) = 4*s**2 - s + 4 + b*s**2 - s**3 - s**2. Let w be z(5). Let u(t) = 4*t**3 - 2*t**2 - 2*t - 1. Give u(w).
-5
Let u(r) = 8*r**2 - 7*r - 9. Let f(m) = -3*m**2 + 2*m + 3. Let h(i) = -11*f(i) - 4*u(i). Suppose 4 - 16 = 2*p. Give h(p).
3
Let f(v) be the third derivative of -v**8/672 - v**7/1260 - v**6/720 + 7*v**4/24 - 3*v**2 - 5*v. Let p(k) be the second derivative of f(k). Give p(-1).
9
Let r = -333 + 336. Let v(q) = 5*q - 2. What is v(r)?
13
Let h(n) be the first derivative of -1/3*n**3 - 6 - 5*n + 7/2*n**2. Give h(5).
5
Suppose -11*h - 23 = -3*s - 12*h, 15 = 3*s + 3*h. Let t(f) = -f - f**3 - 6*f - 4 + 1 + s*f + 2*f**2. Suppose 4 = 4*x - 4. Give t(x).
1
Let h(k) = -k + 2. Let j = 33 - 30. Suppose -4*b = -j*b - 4. Suppose b*w + 4*w = 32. Calculate h(w).
-2
Let h = 10 - 7. Let i(b) be the third derivative of -b**5/30 + b**4/6 - 129*b**2. Determine i(h).
-6
Let k(s) = -5*s - 1. Let m(u) = -u**3 - 2*u**3 + 2*u + 2*u**3 + 2. Let p be m(-1). Determine k(p).
-6
Let o(h) be the first derivative of 0*h**4 - 7/2*h**2 + 5 + 0*h + 1/20*h**5 + 1/6*h**3. Let s(j) be the second derivative of o(j). What is s(-1)?
4
Let s(m) be the first derivative of m**2/2 - 4*m + 472. Determine s(2).
-2
Let m(y) = -y**2 + 4*y + 1. Suppose 0 = 20*s + 36*s - 280. Give m(s).
-4
Let s(o) = o - 2. Let z(y) = y**2 + 5*y + 3. Let i be z(-2). Let p be s(i). Let c(d) = -172*d**2 + 168*d**2 - 200*d**3 + 6*d + 199*d**3 - 1. Determine c(p).
-6
Let f(q) = q**2 - 11*q + 26. Let x be f(8). Let y(b) = -9*b - 2*b**2 + 4*b**x + 10*b - 4. Let j(a) = -2*a + 7. Let m be j(5). What is y(m)?
11
Let s be 7 - 3/(1 + -4). Suppose -2*d = 2*d - s. Let a(r) = 6*r - 2. Calculate a(d).
10
Let v = -2 - 0. Let x(m) be the third derivative of -m**5/20 - m**4/24 + m**3 + 41*m**2. Let g(w) = -4*w**2 + 7. Let r(y) = v*g(y) + 3*x(y). Calculate r(-4).
0
Let n be (-2)/8 + 19/(-4). Let c(b) = 3*b - 18. Let v(w) = -2*w + 15. Let o(s) = -4*c(s) - 5*v(s). What is o(n)?
7
Let a(s) = -s**2 - 9*s + 6. Let k(u) = -3*u**2 - 27*u + 17. Suppose i + 5*p = 17, i - 5*p = 3*i - 19. Let w(b) = i*k(b) - 7*a(b). Give w(-7).
-22
Suppose 2*i = -f - 12, 2*i + i + 9 = 3*f. Let n be (2 + f)*2/(-4). Let q(y) be the second derivative of -y**3/6 + 3*y**2 + 113*y. Calculate q(n).
6
Let q(v) = -4*v**3 - 2*v + 1. Let r be (-2)/(-4)*(-46)/(-23). What is q(r)?
-5
Let i(j) = 32*j - 83. Let s(h) = -114*h + 249. Let r(p) = 7*i(p) + 2*s(p). Calculate r(-21).
1
Let o = -21 - -36. Suppose -3*u + o = -0*u. Let l(w) = w**2 - 5*w + 4. Determine l(u).
4
Let d(m) be the third derivative of -m**5/60 + m**3/6 + 200*m**2. Give d(-4).
-15
Let c be 1 - (8/4 + -4). Let f = 4 + -1. Let d(n) = f*n**2 + 66 - n**3 - n - 66. Give d(c).
-3
Suppose -2*s - 2*d = -6, 0 = -s + 5*d + 6 + 15. Let b(l) = -5 + s*l - 5*l**2 + 22*l**2 - 12*l**2 - 4*l**2. Determine b(-8).
11
Suppose -78*v + 19*v = 0. Let p(m) = -m**2 + 4*m + 11. Give p(v).
11
Let v(a) = a - 5 + a**2 + 0*a + 2*a. Let k(g) = 2*g**2 - 215*g + 102. Let l be k(107). What is v(l)?
5
Let o be (-8)/12 + 16/(-3). Let a = o - -8. Let j = 5 + a. Let c(k) = -k + 4. Give c(j).
-3
Suppose -18*u + 28 - 46 = 0. Let z(w) = -16*w + 1. What is z(u)?
17
Let w(u) = u**2 - 10*u + 11. Let x be w(9). Let y(l) = x + 4*l - 5*l - 5 - 3. Determine y(6).
-12
Let n(i) = 3 + 6 + 5 + 4*i - i - i. What is n(-6)?
2
Suppose -w + 0 = -2. Let z(v) = -3*v + 3*v - 6*v + 5*v + w. Suppose 5*g = g - 8. Calculate z(g).
4
Let r(a) = a + 7. Suppose 5*o - 4*c - 70 = 0, 3*c - 6 = -3*o + 9. Suppose -5*t - 22 = -0*q - 4*q, t + o = -2*q. Determine r(t).
1
Let p(s) be the first derivative of s**4/4 - 5*s**3/3 - 2*s**2 - 5*s - 40. Give p(6).
7
Let i(m) = m**3 + 9*m**2 - m - 7. Let s be i(-9). Let w(t) = -3 + 2*t**2 + 4 + 6*t**3 - t**2 - 3*t**s. Determine w(1).
5
Let l be (-7 - 1)*3/(-3 + 0). Suppose -l = 2*x, 4*a + x - 8 = 5*x. Let i(u) = -2*u**2 + u - 2. What is i(a)?
-12
Suppose 5*o + 8 = 9*o. Let r(d) = -d + 0*d + 